52a
-33104540 (base 6) to base 10
-988620
Convert 178808 (base 9) to base 13.
3b972
-522526 (base 8) to base 16
-2a556
What is -4c41b (base 14) in base 4?
-231300021
1450043 (base 6) to base 4
110210223
Convert 372343 (base 8) to base 7.
1042561
Convert 3f3e5 (base 16) to base 13.
90ba7
What is -111110110010110001 (base 2) in base 7?
-2120600
1223126 (base 8) to base 7
2603643
2233514 (base 6) to base 13
3c919
What is 1505350 (base 11) in base 9?
4767377
What is 100001101100010100011 (base 2) in base 13?
2c869a
Convert c5567 (base 13) to base 7.
3004646
What is 4a697c (base 15) in base 12?
123b8a6
-9332 (base 10) to base 9
-13718
101430 (base 7) to base 9
25736
What is -c6a3c (base 15) in base 14?
-125881
851287 (base 14) to base 10
4497927
-3864245 (base 9) to base 6
-113112452
What is -49846 (base 10) in base 8?
-141266
What is 170571 (base 16) in base 6?
52200453
-136e8 (base 16) to base 9
-131155
What is 42663 (base 10) in base 9?
64463
Convert 208277 (base 16) to base 11.
1225795
Convert -4b5467 (base 15) to base 13.
-996232
What is -173631 (base 9) in base 6?
-2150301
-425353 (base 7) to base 16
-120ca
-4043020 (base 5) to base 10
-65385
1b054 (base 12) to base 2
1001101110000000
What is -1002101021202 (base 3) in base 14?
-110a78
-140112040 (base 6) to base 13
-774684
What is 1579284 (base 12) in base 11?
252a223
-121101131 (base 4) to base 6
-2115125
What is 55307 (base 10) in base 2?
1101100000001011
-2114035 (base 8) to base 12
-231b39
301123021033 (base 4) to base 5
11304044424
212341310 (base 5) to base 11
567241
Convert -100023201233 (base 4) to base 13.
-b56799
What is -23020225 (base 6) in base 7?
-5654111
88737 (base 9) to base 12
2a121
1420504 (base 11) to base 13
678245
722279 (base 10) to base 4
2300111213
Convert -405554 (base 6) to base 14.
-bb42
54cdcb (base 14) to base 11
1696683
-48ce6 (base 16) to base 3
-120011001222
Convert -27112173 (base 8) to base 4.
-113021101323
What is -7137 (base 15) in base 8?
-56536
-212321202 (base 5) to base 8
-3340463
-27154003 (base 8) to base 5
-3024201421
What is -c9b846 (base 15) in base 13?
-1cb4aac
-5037642 (base 8) to base 10
-1327010
What is -e1e8b (base 15) in base 6?
-23200022
What is 1574005 (base 8) in base 5?
104103314
310030222 (base 4) to base 6
4325454
1245740 (base 9) to base 10
680031
-1010001011000100001 (base 2) to base 16
-51621
-200201322 (base 5) to base 9
-1430475
-12101665 (base 8) to base 2
-1010001000001110110101
What is -11a6 (base 11) in base 2?
-11000100000
What is -110011100111111000100110 (base 2) in base 6?
-1202015234
13601053 (base 8) to base 4
23300020223
What is -32531732 (base 8) in base 6?
-405514202
What is 32110311203 (base 4) in base 11?
2135507
-28999c (base 14) to base 8
-5301046
Convert -1111302331 (base 5) to base 6.
-124241412
Convert 122112212102 (base 3) to base 2.
1010100010101101001
What is 7174665 (base 10) in base 9?
14444710
478505 (base 9) to base 2
1000110011001101101
1165226 (base 8) to base 7
2511232
What is -6b119d (base 16) in base 5?
-3244014421
1410a2a (base 14) to base 3
200021220001011
46531 (base 7) to base 8
27231
14401300 (base 5) to base 14
3dc3b
What is -133061 (base 9) in base 13?
-2ab1a
What is -1110111000100101101001 (base 2) in base 3?
-21100020021011
Convert -1617025 (base 8) to base 3.
-212200212001
What is 8b73 (base 13) in base 7?
110636
What is -5234712 (base 8) in base 12?
-57100a
-215442022 (base 6) to base 14
-73a8b4
32231334 (base 5) to base 15
56299
4570c (base 13) to base 9
212371
-59c0 (base 14) to base 12
-9084
43452145 (base 7) to base 2
1110001101111100010000
What is -402ca4 (base 14) in base 8?
-10171260
What is -49a56 (base 12) in base 5?
-11200002
Convert 3012020132 (base 5) to base 15.
7cdd7c
What is -26b87 (base 16) in base 10?
-158599
Convert 34566534 (base 8) to base 5.
3412004433
Convert 6150b4 (base 16) to base 12.
2176930
Convert 2060328 (base 9) to base 3.
2002000100222
Convert b1530 (base 12) to base 7.
1650150
Convert 101111011011011100000 (base 2) to base 3.
2220221212220
-3010211333 (base 4) to base 5
-201231442
11ec92 (base 15) to base 16
d1fb7
Convert aa43b (base 13) to base 11.
1a06a9
Convert -200220 (base 10) to base 12.
-97a50
Convert 21440334 (base 5) to base 15.
3a5e9
Convert 250051 (base 8) to base 13.
3022a
-112022122120000 (base 3) to base 8
-35020104
13504360 (base 8) to base 2
1011101000100011110000
Convert -1220232323 (base 4) to base 11.
-273339
What is 10121002 (base 5) in base 16?
142c3
33320032 (base 4) to base 7
360421
-21c7a9 (base 14) to base 11
-714993
Convert 2244100 (base 6) to base 10.
114948
Convert -32b98 (base 15) to base 5.
-20124433
What is -153502604 (base 7) in base 6?
-1005112002
What is -135a1c (base 14) in base 16?
-a346a
c29c68 (base 14) to base 2
11001000001000010100100
-3522521 (base 7) to base 8
-1540552
Convert -220514 (base 10) to base 5.
-24024024
What is -160146 (base 11) in base 2?
-111100110011101100
Convert -383dad (base 14) to base 11.
-10aa381
5f765 (base 16) to base 15
7acc8
321335 (base 9) to base 12
92835
2021243421 (base 5) to base 15
55b10b
What is -1101001000000111 (base 2) in base 11?
-3743a
What is 357705 (base 14) in base 13?
4bc271
-101124010 (base 5) to base 15
-81c3a
Convert -110101111100110 (base 2) to base 14.
-a0d0
What is -111a63b (base 12) in base 9?
-6138652
153402 (base 8) to base 6
1102454
Convert 131a (base 11) to base 2.
11010110011
126588 (base 12) to base 8
1114670
What is 114334400 (base 6) in base 12?
88a400
2000110001 (base 4) to base 15
a5ace
4345144 (base 7) to base 3
1000001100011
-6b7bb (base 15) to base 10
-342626
What is -21305301 (base 7) in base 6?
-102540043
Convert 13114423 (base 5) to base 13.
46b60
-1fc20 (base 16) to base 4
-133300200
What is -10100010000001111 (base 2) in base 3?
-11012210120
-305412121 (base 6) to base 13
-1139878
Convert 212120122 (base 3) to base 4.
10030211
What is -5cc9c (base 15) in base 4?
-1020120120
Convert -121021333102 (base 4) to base 16.
-649fd2
972375 (base 10) to base 4
3231121113
Convert -7c2893 (base 14) to base 12.
-1501755
-12311003 (base 4) to base 15
-844b
What is 34332342 (base 5) in base 7?
2423223
What is -5243 (base 15) in base 13?
-7bb7
Convert -70258 (base 13) to base 11.
-127576
Convert 111973 (base 11) to base 12.
87154
What is 11220202210222 (base 3) in base 15?
3694be
What is 22e65 (base 15) in base 11?
76642
What is -25aa4 (base 16) in base 12?
-75344
-2316505 (base 7) to base 2
-1000110111001111100
What is 7546c (base 15) in base 11?
234751
-12231012 (base 5) to base 4
-130232000
Convert 102300013 (base 4) to base 7.
436633
What is -112222121021111 (base 3) in base 4?
-132120102112
Convert 257622 (base 9) to base 15.
31592
Convert 630a7 (base 14) to base 4.
322110123
-12732 (base 16) to base 13
-28521
Convert cb407 (base 16) to base 7.
10035112
What is 120000112021021 (base 3) in base 5?
4020411032
93823 (base 11) to base 8
413063
Convert 11001111110110100110 (base 2) to base 12.
350832
Convert 224127 (base 12) to base 10.
546223
Convert 487149 (base 10) to base 12.
1b5ab9
428652 (base 11) to base 3
1021210112022
Convert 9d28 (base 15) to base 9.
50652
Convert 386ab (base 16) to base 9.
381878
Convert 2400114 (base 6) to base 5.
12440322
What is -22786 (base 11) in base 3?
-1200002222
What is -924988 (base 12) in base 16?
-22ee78
What is 11565201 (base 7) in base 2?
11111110010000100111
7337322 (base 9) to base 12
1391a0b
What is -1426e3 (base 16) in base 9?
-2432556
Convert -10332230 (base 5) to base 13.
-31a93
Convert 67714 (base 15) to base 5.
41011334
-2250516 (base 8) to base 4
-2111011032
What is -12e356 (base 15) in base 2?
-11011101110101010111
Convert -12a3030 (base 11) to base 14.
-425b6b
What is -222232132 (base 4) in base 9?
-286051
Convert 133428 (base 15) to base 13.
263a62
What is -11001011100001101000 (base 2) in base 5?
-203134030
-25052153 (base 6) to base 5
-201101013
What is 2644686 (base 12) in base 5?
3413241112
What is -99260 (base 14) in base 12?
-15a798
Convert 121231221 (base 4) to base 14.
2a54d
-10233210320 (base 4) to base 3
-2100011200122
15a93 (base 16) to base 14
24495
What is 5bd54 (base 14) in base 5?
24144021
Convert -4b287e (base 16) to base 6.
-253323314
-1609d (base 14) to base 8
-153353
683543 (base 12) to ba